of -t**7/840 - t**6/120 + t**5/30 + t**4/8 + 2*t**3/3 - 1. Let a(h) be the third derivative of k(h). Give a(-3).
-9
Let a(s) = 3*s**3 - 4 + 12*s + 7*s - 2*s**3 + 3*s**2 - 20*s. What is a(-3)?
-1
Let q(f) = 4*f. Let b(o) = 7*o - 2. Let c be b(-1). Let m = -10 - c. Give q(m).
-4
Let j = 5 - 3. Let h(x) = 3*x**2 + x + 1 + 5*x**2 - x**j. Give h(-1).
7
Let x(a) = a**3 + 6*a**2 + 3*a - 4. Suppose 3*m - 24 = -6. Let q = 2 - -1. Suppose q*s = m*s + 15. Calculate x(s).
6
Let n(r) = 2*r**2 - 3*r**2 + r - 9 + 7*r. Give n(7).
-2
Let l(n) = -3*n - 2. Let k(g) = 1. Let b(x) = -k(x) - l(x). What is b(4)?
13
Let g(b) = -4*b**2 + 13*b - 14. Let k(y) = y**2 - y. Let w(s) = g(s) + 3*k(s). Let m be w(8). Let l(j) = j**3 - 3*j**2 + j - 1. Determine l(m).
-3
Let g(c) = 11*c**2 + 11*c + 3. Let m(x) = -8*x**2 - 5*x**2 + 18*x**2 + 5*x + 2. Let u(k) = -6*g(k) + 13*m(k). Calculate u(0).
8
Let y(z) be the second derivative of -1/12*z**4 + 1/6*z**3 - z + 0*z**2 + 0. Let x = 3 + -3. What is y(x)?
0
Suppose -x + 5*x = y - 25, -x - 5 = 0. Let t be 0 - y - -2 - -2. Let r(d) = -4*d - 7*d**2 + 2*d + 45 - 46. What is r(t)?
-6
Let d(f) = -f**3 + 5*f**2. Let i be d(5). Let c be ((-3)/(-3))/(i - -1). Let p(v) = -v + v**2 + 2*v + v**3 + c + 0*v. What is p(-1)?
0
Suppose 5*p - 13 = 12. Let a(b) = -7*b + p + 3*b - b**3 + b**2 + 4*b. Determine a(0).
5
Let m(q) = -5*q**2 - 15*q + 32. Let v(g) be the first derivative of -2*g**3/3 - 5*g**2/2 + 11*g - 1. Let t(c) = -3*m(c) + 8*v(c). Determine t(6).
-14
Let y be (-14)/3 + (-6)/(-9). Let k be (6/(-5))/(6/(-20)). Let g(n) = -n**2 - n - 2. Let x(r) = -r. Let l(s) = k*x(s) + g(s). Determine l(y).
2
Let s(f) be the first derivative of 11*f**4/4 - f**3/3 - f**2/2 - f - 8. Give s(-1).
-12
Let k = 3 - 2. Suppose -k - 5 = -2*s. Let q(o) = -6*o - 4 - 2*o**2 + 7*o + s*o**2. Calculate q(0).
-4
Let i(z) = 1. Let j(y) = y**2 + 7*y + 4. Let f(q) = 5*i(q) + j(q). Let l be f(-6). Let k(g) = -4*g**2 + l*g**2 + 2*g + g - 4 + 0*g. Determine k(4).
-8
Let y(m) = m**3 + 4*m**2 - 6*m. Let r be y(-5). Suppose 4*f - r*d + 3 = 0, -3*d = 3*f - 4*d - 6. Let q(v) = 2 - 1 + 2*v**2 - 2*v - 4. What is q(f)?
9
Suppose u = -5*k + 11, 3*u + 9 = -0*k - k. Let y(n) = -3*n**2 - n + 1. Let c(q) = -16*q**2 - 6*q + 5. Let f(s) = -2*c(s) + 11*y(s). Give f(k).
-5
Let k be 2/(-7) - (-52)/(-14). Let a(b) be the first derivative of b**2/2 + 5*b + 86. Determine a(k).
1
Suppose 5*v + 1 = 2*i, 10*v = 5*v - 2*i + 11. Let n(p) be the second derivative of -p**4/4 + p**3/6 - 2*p. Determine n(v).
-2
Let m(f) = -f**3 + 4*f**2 + 4*f + 5. Suppose 0*h = -2*h - 8. Suppose 2*q - 16 = -3*z + 11, -3*z - 3*q = -27. Let n = z + h. Determine m(n).
0
Suppose -d = 3 - 0. Let q(h) = 9*h + 14. Let p(k) = 1 - 4*k - 7 - 1. Let o(c) = 7*p(c) + 3*q(c). Calculate o(d).
-4
Suppose 5*b + 9 = 2*g + 36, 2*b - 14 = 4*g. Let t(m) = -9*m + 3*m + b*m - 6. Give t(-6).
0
Let s(n) = 4*n**3 - 21*n**2 + 4*n + 13. Let x(j) = j**3 - 5*j**2 + j + 3. Let i(w) = 2*s(w) - 9*x(w). What is i(3)?
-4
Let w(s) be the third derivative of -s**6/360 + s**5/40 - s**4/12 - s**3/6 - 3*s**2. Let f(o) be the first derivative of w(o). Let y = -11 + 14. Calculate f(y).
-2
Suppose -4*r = -0*r + 16. Let s(t) = -t**2 + t + 3. Give s(r).
-17
Let w(s) = 5*s**2 + 3*s. Suppose -10*m - 2 = f - 6*m, -m = 0. Calculate w(f).
14
Let m be 4 + (-1 - (-4)/2). Let d = m + -3. Let b(h) = -1 + 5*h**2 + 5 + 0 + h**3 + d*h. What is b(-5)?
-6
Let v(b) = -b**3 + b**2 + b - 3. Let a be v(2). Let i(d) = 5*d**2 + 2*d - 3. Let h(n) = -4*n**2 - n + 3. Let u(c) = -6*h(c) - 5*i(c). Determine u(a).
-8
Let x(v) = 3*v + 1. Let i = 3 + 0. Calculate x(i).
10
Let f(v) = v**3 + 5*v**2 - v + 4. Let a(l) = -2*l**3 - 11*l**2 + l - 8. Let c(b) = -2*a(b) - 5*f(b). Determine c(-4).
0
Let o(b) = -b - 3. Let u be -3 + (4 - (0 - -8)). Determine o(u).
4
Let h(z) = -3*z + 2. Let m(d) = -d + 1. Let o be 7/(7/(-4)) + 2. Let f(i) = o*m(i) + h(i). Give f(-6).
6
Suppose -3*u + 27 = 3*c, 5*c + u - 19 = 2*c. Let t(l) be the second derivative of -l**5/20 + l**4/3 + l**3/2 + 7*l**2/2 + 38*l. Calculate t(c).
-3
Let v(w) = 4*w + 1. Let o(a) = a - 9. Let r be o(6). Let k(y) = -9*y - 3. Let j(b) = r*k(b) - 7*v(b). Determine j(-4).
6
Let b be (28/(-16) - -2)*0. Let x(j) = -j + 9. Give x(b).
9
Let y(o) = -36*o + 68*o - 2 - 31*o + 0. Calculate y(-3).
-5
Let n(q) = -q**3 + 4*q + 3. Let h be n(-2). Let x = h - 5. Let z(t) be the second derivative of t**5/20 + t**4/4 + t**3/6 - t**2/2 - t. Give z(x).
1
Let w(r) = -5*r**3 + r**2 + r + 1. Let v be w(-1). Let h(m) = 12 - m**2 - 20 + 9 + 3*m + 2*m. What is h(v)?
-5
Let x(v) = -14*v**2 - v. Suppose 7 = -2*t + 5. Calculate x(t).
-13
Let z(l) = -3*l - 4. Let j(c) = -c**2 + 13*c + 17. Let h(x) = 2*j(x) + 9*z(x). Let u be (-4)/(-2)*(-2)/(-2). Give h(u).
-12
Suppose -2*v + 2*o - 4*o = -10, -11 = 5*v - 4*o. Suppose -3*d + 2 = -v. Let k(y) = 1 + d + 2 + 3*y - y**2. Give k(3).
4
Suppose 3*v - 2*i = i + 18, -v - 3*i - 10 = 0. Let j(l) = 1 + 0*l**v + 1 - l**2. Let g = -12 - -9. Calculate j(g).
-7
Let b(z) = z**3 - z**2 + z - 3. Let v be b(0). Let m(w) be the first derivative of -w**4/4 - 2*w**3/3 + w**2 - w - 1. Give m(v).
2
Suppose -2*l + 4*l - 24 = 4*n, 5*l = -4*n - 24. Let y(k) = k**3 + 5*k**2 - 9*k - 3. Give y(n).
15
Let k(q) = -q**3 + 5*q**2 - 5*q + 3. Let s = -6 + 9. Suppose m = s*m + 2*o - 16, -m + 5*o = 16. Calculate k(m).
-1
Let i(u) = -u**3 + 10*u**2 - 8*u - 7. Let z be i(9). Let a(c) = -c - 2 + z - c. Calculate a(5).
-10
Let r be 23/7 + (-6)/21. Let c(v) be the second derivative of 1/2*v**3 - v + 1/12*v**4 - 1/20*v**5 + 3/2*v**2 + 0. What is c(r)?
-6
Let t(y) = 2*y**2. Let n = -5 + 1. Let o = 1 + n. Determine t(o).
18
Let q(u) = 5 - 4*u**2 + u**3 + 5*u**2 + 4*u**2 + 3*u. Let g(n) = n**2 - n + 2. Let h be g(0). Suppose h*o - 10 = 4*o. Give q(o).
-10
Let s(a) be the third derivative of a**5/60 - a**4/24 - a**3/3 + a**2. Let o = -44 - -42. Calculate s(o).
4
Let f(b) = -4*b**3 - b**2 - b + 1. Let s(a) = -a - 3. Let n be s(-4). Calculate f(n).
-5
Let a(g) = 2*g**2 + 4*g + 2. Let u(x) = -x**2. Let v(o) = a(o) + u(o). Calculate v(-4).
2
Let n(v) = 2*v - 1. Let s(k) = k**3 + 10*k**2 - 6. Let c be s(-10). Determine n(c).
-13
Let i = 1 - -6. Let q be 2*2/(-4) + i. Suppose -k - 5*v = 4*k - 15, -k + 2*v = -q. Let f(t) = t**3 - 4*t**2. What is f(k)?
0
Suppose -5*v = -4*a - 22, -10 = -2*v - 3*a + 4*a. Suppose c - v*c = 0. Let m(i) = -i**2 + i + 9. Calculate m(c).
9
Let r = 61 + -70. Let i(x) = x**3 + 9*x**2. What is i(r)?
0
Let t = 15 - 11. Suppose 3*r - 17 = -t*a, 0 = -3*r + 3*a + 2*a - 1. Let x(d) = 4*d + 4. Let u(y) = -y. Let l(h) = 5*u(h) + x(h). Determine l(r).
1
Let t(m) = -9*m + 5. Let u(j) = 7*j - 5. Let k(q) = -2*t(q) - 3*u(q). Calculate k(-6).
23
Let l be 3/6*10 - 3. Let y be (1 - l)*4 + 3. Let d(r) = 30*r**2 - 21*r + 6. Let s(g) = -6*g**2 + 4*g - 1. Let m(i) = 2*d(i) + 11*s(i). Give m(y).
-7
Let v(b) = b**2 + 7*b - 3. Let l(d) = d + 11. Let i be l(0). Let g = -18 + i. Calculate v(g).
-3
Let o(b) = -b**3 + 6*b**2 + 6*b + 5. Let h be o(7). Let y(r) = 5*r**3 + 3*r**2 - 2 - r**3 - r**3 - r**3. What is y(h)?
-6
Let s(x) = -x + 1. Let a(k) = 1. Let j(o) = 5*a(o) - s(o). Suppose -2*r + f + 26 = 5*f, 0 = -3*r + 4*f - 11. Determine j(r).
7
Let l(g) = -49 + g - 3*g + 46. Give l(-6).
9
Suppose -2*m + 7 + 3 = 0. Let b(s) = 1 + m*s - 1 - 1 - s**3 + 4*s**2 - 7*s. Determine b(3).
2
Suppose -3*c - 2*c + 40 = 0. Let p = c + -6. Let j(q) = q**3 - p*q**3 + 4*q**2 - 6*q + q**2. What is j(4)?
-8
Let m(y) = 0*y**3 - y**3 + 0*y**3. Let s(f) = 7*f**3 + 1. Let x(z) = 3*m(z) + s(z). Determine x(-1).
-3
Let s(j) be the third derivative of j**4/24 - j**3/6 - 21*j**2. Give s(3).
2
Let v(o) = 2*o - 6. Suppose 5*x - 3 = 7. Let g(u) = -2*u + 5. Let f(k) = x*v(k) + 3*g(k). Calculate f(5).
-7
Let o(m) = 10*m**2 - 18*m + 2. Let p(v) be the first derivative of -v**3 + 3*v**2 - v - 4. Let h(c) = 2*o(c) + 7*p(c). Give h(5).
2
Let k(j) = 7*j**2 + 3*j - 28. Let a(l) = 3*l**2 + l - 13. Let i(c) = -9*a(c) + 4*k(c). Let f = 5 + -9. Give i(f).
9
Let j(t) = -11*t**3 - 4*t**2 + 12*t - 21. Let q(p) = -4*p**3 - p**2 + 4*p - 7. Let y(z) = 3*j(z) - 8*q(z). Let n be y(-5). Let d(f) = 3*f + 3. What is d(n)?
-3
Suppose 8*w - 3*w = 0. Let c(u) be the second derivative of -u**4/24 + u**3/6 + u**2/2 + 2*u. Let d(k) be 